{"id":100,"date":"2023-06-14T13:27:47","date_gmt":"2023-06-14T13:27:47","guid":{"rendered":"https:\/\/develop.comitecolombianodearbitraje.org\/?page_id=100"},"modified":"2023-06-14T14:49:38","modified_gmt":"2023-06-14T14:49:38","slug":"contenidos","status":"publish","type":"page","link":"https:\/\/develop.comitecolombianodearbitraje.org\/index.php\/contenidos\/","title":{"rendered":"Contenidos"},"content":{"rendered":"\t\t<div data-elementor-type=\"wp-page\" data-elementor-id=\"100\" class=\"elementor elementor-100\">\n\t\t\t\t\t\t\t\t\t<section class=\"elementor-section elementor-top-section elementor-element elementor-element-45f4084 elementor-section-boxed elementor-section-height-default elementor-section-height-default\" data-id=\"45f4084\" data-element_type=\"section\" data-settings=\"{&quot;background_background&quot;:&quot;classic&quot;}\">\n\t\t\t\t\t\t\t<div class=\"elementor-background-overlay\"><\/div>\n\t\t\t\t\t\t\t<div class=\"elementor-container elementor-column-gap-default\">\n\t\t\t\t\t<div class=\"elementor-column elementor-col-50 elementor-top-column elementor-element elementor-element-ffa59c0\" data-id=\"ffa59c0\" data-element_type=\"column\">\n\t\t\t<div class=\"elementor-widget-wrap elementor-element-populated\">\n\t\t\t\t\t\t\t\t<div class=\"elementor-element elementor-element-76c4999 elementor-widget-mobile__width-initial elementor-widget elementor-widget-heading\" data-id=\"76c4999\" data-element_type=\"widget\" data-widget_type=\"heading.default\">\n\t\t\t\t<div class=\"elementor-widget-container\">\n\t\t\t<style>\/*! elementor - v3.13.3 - 28-05-2023 *\/\n.elementor-heading-title{padding:0;margin:0;line-height:1}.elementor-widget-heading .elementor-heading-title[class*=elementor-size-]>a{color:inherit;font-size:inherit;line-height:inherit}.elementor-widget-heading .elementor-heading-title.elementor-size-small{font-size:15px}.elementor-widget-heading .elementor-heading-title.elementor-size-medium{font-size:19px}.elementor-widget-heading .elementor-heading-title.elementor-size-large{font-size:29px}.elementor-widget-heading .elementor-heading-title.elementor-size-xl{font-size:39px}.elementor-widget-heading .elementor-heading-title.elementor-size-xxl{font-size:59px}<\/style><h2 class=\"elementor-heading-title elementor-size-default\">Contenidos<\/h2>\t\t<\/div>\n\t\t\t\t<\/div>\n\t\t\t\t\t<\/div>\n\t\t<\/div>\n\t\t\t\t<div class=\"elementor-column elementor-col-50 elementor-top-column elementor-element elementor-element-ec2174c elementor-hidden-mobile\" data-id=\"ec2174c\" data-element_type=\"column\">\n\t\t\t<div class=\"elementor-widget-wrap\">\n\t\t\t\t\t\t\t\t\t<\/div>\n\t\t<\/div>\n\t\t\t\t\t\t\t<\/div>\n\t\t<\/section>\n\t\t\t\t<section class=\"elementor-section elementor-top-section elementor-element elementor-element-a3adfde elementor-section-boxed elementor-section-height-default elementor-section-height-default\" data-id=\"a3adfde\" data-element_type=\"section\">\n\t\t\t\t\t\t<div class=\"elementor-container elementor-column-gap-default\">\n\t\t\t\t\t<div class=\"elementor-column elementor-col-100 elementor-top-column elementor-element elementor-element-9caf218\" data-id=\"9caf218\" data-element_type=\"column\">\n\t\t\t<div class=\"elementor-widget-wrap elementor-element-populated\">\n\t\t\t\t\t\t\t\t<div class=\"elementor-element elementor-element-edec47a elementor-widget elementor-widget-heading\" data-id=\"edec47a\" data-element_type=\"widget\" data-widget_type=\"heading.default\">\n\t\t\t\t<div class=\"elementor-widget-container\">\n\t\t\t<h2 class=\"elementor-heading-title elementor-size-default\">\u00a1Bienvenido a nuestra secci\u00f3n de contenidos!<\/h2>\t\t<\/div>\n\t\t\t\t<\/div>\n\t\t\t\t<div class=\"elementor-element elementor-element-502af84 elementor-widget elementor-widget-text-editor\" data-id=\"502af84\" data-element_type=\"widget\" data-widget_type=\"text-editor.default\">\n\t\t\t\t<div class=\"elementor-widget-container\">\n\t\t\t<style>\/*! elementor - v3.13.3 - 28-05-2023 *\/\n.elementor-widget-text-editor.elementor-drop-cap-view-stacked .elementor-drop-cap{background-color:#69727d;color:#fff}.elementor-widget-text-editor.elementor-drop-cap-view-framed .elementor-drop-cap{color:#69727d;border:3px solid;background-color:transparent}.elementor-widget-text-editor:not(.elementor-drop-cap-view-default) .elementor-drop-cap{margin-top:8px}.elementor-widget-text-editor:not(.elementor-drop-cap-view-default) .elementor-drop-cap-letter{width:1em;height:1em}.elementor-widget-text-editor .elementor-drop-cap{float:left;text-align:center;line-height:1;font-size:50px}.elementor-widget-text-editor .elementor-drop-cap-letter{display:inline-block}<\/style>\t\t\t\t<p><span style=\"font-weight: 400;\">Aqu\u00ed encontrar\u00e1s una amplia gama de recursos relacionados con el arbitraje nacional e internacional en Colombia. En esta secci\u00f3n compartimos el acceso a informaci\u00f3n actualizada y relevante sobre el arbitraje, promoviendo el di\u00e1logo y la difusi\u00f3n del conocimiento en este campo.<\/span><\/p>\t\t\t\t\t\t<\/div>\n\t\t\t\t<\/div>\n\t\t\t\t\t<\/div>\n\t\t<\/div>\n\t\t\t\t\t\t\t<\/div>\n\t\t<\/section>\n\t\t\t\t<section class=\"elementor-section elementor-top-section elementor-element elementor-element-e621d96 elementor-section-boxed elementor-section-height-default elementor-section-height-default\" data-id=\"e621d96\" data-element_type=\"section\" data-settings=\"{&quot;background_background&quot;:&quot;gradient&quot;}\">\n\t\t\t\t\t\t<div class=\"elementor-container elementor-column-gap-default\">\n\t\t\t\t\t<div class=\"elementor-column elementor-col-100 elementor-top-column elementor-element elementor-element-4067fde\" data-id=\"4067fde\" data-element_type=\"column\">\n\t\t\t<div class=\"elementor-widget-wrap elementor-element-populated\">\n\t\t\t\t\t\t\t\t<div class=\"elementor-element elementor-element-d4162ae elementor-widget elementor-widget-heading\" data-id=\"d4162ae\" data-element_type=\"widget\" data-widget_type=\"heading.default\">\n\t\t\t\t<div class=\"elementor-widget-container\">\n\t\t\t<h2 class=\"elementor-heading-title elementor-size-default\">Seleccione el tipo de contenido que desea revisar<\/h2>\t\t<\/div>\n\t\t\t\t<\/div>\n\t\t\t\t\t<\/div>\n\t\t<\/div>\n\t\t\t\t\t\t\t<\/div>\n\t\t<\/section>\n\t\t\t\t<section class=\"elementor-section elementor-top-section elementor-element elementor-element-97be646 elementor-section-boxed elementor-section-height-default elementor-section-height-default\" data-id=\"97be646\" data-element_type=\"section\">\n\t\t\t\t\t\t<div class=\"elementor-container elementor-column-gap-default\">\n\t\t\t\t\t<div class=\"elementor-column elementor-col-25 elementor-top-column elementor-element elementor-element-a1a4d98\" data-id=\"a1a4d98\" data-element_type=\"column\">\n\t\t\t<div class=\"elementor-widget-wrap elementor-element-populated\">\n\t\t\t\t\t\t\t\t<div class=\"elementor-element elementor-element-000f8e6 elementor-position-top elementor-vertical-align-top elementor-widget elementor-widget-image-box\" data-id=\"000f8e6\" data-element_type=\"widget\" data-widget_type=\"image-box.default\">\n\t\t\t\t<div class=\"elementor-widget-container\">\n\t\t\t<style>\/*! elementor - v3.13.3 - 28-05-2023 *\/\n.elementor-widget-image-box .elementor-image-box-content{width:100%}@media (min-width:768px){.elementor-widget-image-box.elementor-position-left .elementor-image-box-wrapper,.elementor-widget-image-box.elementor-position-right .elementor-image-box-wrapper{display:flex}.elementor-widget-image-box.elementor-position-right .elementor-image-box-wrapper{text-align:right;flex-direction:row-reverse}.elementor-widget-image-box.elementor-position-left .elementor-image-box-wrapper{text-align:left;flex-direction:row}.elementor-widget-image-box.elementor-position-top .elementor-image-box-img{margin:auto}.elementor-widget-image-box.elementor-vertical-align-top .elementor-image-box-wrapper{align-items:flex-start}.elementor-widget-image-box.elementor-vertical-align-middle .elementor-image-box-wrapper{align-items:center}.elementor-widget-image-box.elementor-vertical-align-bottom .elementor-image-box-wrapper{align-items:flex-end}}@media (max-width:767px){.elementor-widget-image-box .elementor-image-box-img{margin-left:auto!important;margin-right:auto!important;margin-bottom:15px}}.elementor-widget-image-box .elementor-image-box-img{display:inline-block}.elementor-widget-image-box .elementor-image-box-title a{color:inherit}.elementor-widget-image-box .elementor-image-box-wrapper{text-align:center}.elementor-widget-image-box .elementor-image-box-description{margin:0}<\/style><div class=\"elementor-image-box-wrapper\"><figure class=\"elementor-image-box-img\"><img decoding=\"async\" width=\"1221\" height=\"1220\" src=\"https:\/\/develop.comitecolombianodearbitraje.org\/wp-content\/uploads\/2023\/06\/Recurso-1@5x-1.png\" class=\"attachment-full size-full wp-image-43\" alt=\"\" loading=\"lazy\" srcset=\"https:\/\/develop.comitecolombianodearbitraje.org\/wp-content\/uploads\/2023\/06\/Recurso-1@5x-1.png 1221w, https:\/\/develop.comitecolombianodearbitraje.org\/wp-content\/uploads\/2023\/06\/Recurso-1@5x-1-300x300.png 300w, https:\/\/develop.comitecolombianodearbitraje.org\/wp-content\/uploads\/2023\/06\/Recurso-1@5x-1-1024x1024.png 1024w, https:\/\/develop.comitecolombianodearbitraje.org\/wp-content\/uploads\/2023\/06\/Recurso-1@5x-1-150x150.png 150w, https:\/\/develop.comitecolombianodearbitraje.org\/wp-content\/uploads\/2023\/06\/Recurso-1@5x-1-768x767.png 768w\" sizes=\"(max-width: 1221px) 100vw, 1221px\" \/><\/figure><div class=\"elementor-image-box-content\"><h3 class=\"elementor-image-box-title\">Normativa<\/h3><p class=\"elementor-image-box-description\">Informaci\u00f3n actualizada sobre leyes y normas que rigen el arbitraje en Colombia.<\/p><\/div><\/div>\t\t<\/div>\n\t\t\t\t<\/div>\n\t\t\t\t\t<\/div>\n\t\t<\/div>\n\t\t\t\t<div class=\"elementor-column elementor-col-25 elementor-top-column elementor-element elementor-element-b7f07d3\" data-id=\"b7f07d3\" data-element_type=\"column\">\n\t\t\t<div class=\"elementor-widget-wrap elementor-element-populated\">\n\t\t\t\t\t\t\t\t<div class=\"elementor-element elementor-element-c95c46b elementor-position-top elementor-vertical-align-top elementor-widget elementor-widget-image-box\" data-id=\"c95c46b\" data-element_type=\"widget\" data-widget_type=\"image-box.default\">\n\t\t\t\t<div class=\"elementor-widget-container\">\n\t\t\t<div class=\"elementor-image-box-wrapper\"><figure class=\"elementor-image-box-img\"><img decoding=\"async\" width=\"1221\" height=\"1220\" src=\"https:\/\/develop.comitecolombianodearbitraje.org\/wp-content\/uploads\/2023\/06\/Recurso-1@5x-1.png\" class=\"attachment-full size-full wp-image-43\" alt=\"\" loading=\"lazy\" srcset=\"https:\/\/develop.comitecolombianodearbitraje.org\/wp-content\/uploads\/2023\/06\/Recurso-1@5x-1.png 1221w, https:\/\/develop.comitecolombianodearbitraje.org\/wp-content\/uploads\/2023\/06\/Recurso-1@5x-1-300x300.png 300w, https:\/\/develop.comitecolombianodearbitraje.org\/wp-content\/uploads\/2023\/06\/Recurso-1@5x-1-1024x1024.png 1024w, https:\/\/develop.comitecolombianodearbitraje.org\/wp-content\/uploads\/2023\/06\/Recurso-1@5x-1-150x150.png 150w, https:\/\/develop.comitecolombianodearbitraje.org\/wp-content\/uploads\/2023\/06\/Recurso-1@5x-1-768x767.png 768w\" sizes=\"(max-width: 1221px) 100vw, 1221px\" \/><\/figure><div class=\"elementor-image-box-content\"><h3 class=\"elementor-image-box-title\">Art\u00edculos<\/h3><p class=\"elementor-image-box-description\">Documentos sobre los fundamentos, discusiones, an\u00e1lisis y tendencias del arbitraje.<\/p><\/div><\/div>\t\t<\/div>\n\t\t\t\t<\/div>\n\t\t\t\t\t<\/div>\n\t\t<\/div>\n\t\t\t\t<div class=\"elementor-column elementor-col-25 elementor-top-column elementor-element elementor-element-aad8d58\" data-id=\"aad8d58\" data-element_type=\"column\">\n\t\t\t<div class=\"elementor-widget-wrap elementor-element-populated\">\n\t\t\t\t\t\t\t\t<div class=\"elementor-element elementor-element-0ff655d elementor-position-top elementor-vertical-align-top elementor-widget elementor-widget-image-box\" data-id=\"0ff655d\" data-element_type=\"widget\" data-widget_type=\"image-box.default\">\n\t\t\t\t<div class=\"elementor-widget-container\">\n\t\t\t<div class=\"elementor-image-box-wrapper\"><figure class=\"elementor-image-box-img\"><img decoding=\"async\" width=\"1221\" height=\"1220\" src=\"https:\/\/develop.comitecolombianodearbitraje.org\/wp-content\/uploads\/2023\/06\/Recurso-1@5x-1.png\" class=\"attachment-full size-full wp-image-43\" alt=\"\" loading=\"lazy\" srcset=\"https:\/\/develop.comitecolombianodearbitraje.org\/wp-content\/uploads\/2023\/06\/Recurso-1@5x-1.png 1221w, https:\/\/develop.comitecolombianodearbitraje.org\/wp-content\/uploads\/2023\/06\/Recurso-1@5x-1-300x300.png 300w, https:\/\/develop.comitecolombianodearbitraje.org\/wp-content\/uploads\/2023\/06\/Recurso-1@5x-1-1024x1024.png 1024w, https:\/\/develop.comitecolombianodearbitraje.org\/wp-content\/uploads\/2023\/06\/Recurso-1@5x-1-150x150.png 150w, https:\/\/develop.comitecolombianodearbitraje.org\/wp-content\/uploads\/2023\/06\/Recurso-1@5x-1-768x767.png 768w\" sizes=\"(max-width: 1221px) 100vw, 1221px\" \/><\/figure><div class=\"elementor-image-box-content\"><h3 class=\"elementor-image-box-title\">Bases de datos<\/h3><p class=\"elementor-image-box-description\">Repositorio de sentencias de reconocimiento y anulaci\u00f3n de laudos internacionales.<\/p><\/div><\/div>\t\t<\/div>\n\t\t\t\t<\/div>\n\t\t\t\t\t<\/div>\n\t\t<\/div>\n\t\t\t\t<div class=\"elementor-column elementor-col-25 elementor-top-column elementor-element elementor-element-72333d3\" data-id=\"72333d3\" data-element_type=\"column\">\n\t\t\t<div class=\"elementor-widget-wrap elementor-element-populated\">\n\t\t\t\t\t\t\t\t<div class=\"elementor-element elementor-element-20952f2 elementor-position-top elementor-vertical-align-top elementor-widget elementor-widget-image-box\" data-id=\"20952f2\" data-element_type=\"widget\" data-widget_type=\"image-box.default\">\n\t\t\t\t<div class=\"elementor-widget-container\">\n\t\t\t<div class=\"elementor-image-box-wrapper\"><figure class=\"elementor-image-box-img\"><img decoding=\"async\" width=\"1221\" height=\"1220\" src=\"https:\/\/develop.comitecolombianodearbitraje.org\/wp-content\/uploads\/2023\/06\/Recurso-1@5x-1.png\" class=\"attachment-full size-full wp-image-43\" alt=\"\" loading=\"lazy\" srcset=\"https:\/\/develop.comitecolombianodearbitraje.org\/wp-content\/uploads\/2023\/06\/Recurso-1@5x-1.png 1221w, https:\/\/develop.comitecolombianodearbitraje.org\/wp-content\/uploads\/2023\/06\/Recurso-1@5x-1-300x300.png 300w, https:\/\/develop.comitecolombianodearbitraje.org\/wp-content\/uploads\/2023\/06\/Recurso-1@5x-1-1024x1024.png 1024w, https:\/\/develop.comitecolombianodearbitraje.org\/wp-content\/uploads\/2023\/06\/Recurso-1@5x-1-150x150.png 150w, https:\/\/develop.comitecolombianodearbitraje.org\/wp-content\/uploads\/2023\/06\/Recurso-1@5x-1-768x767.png 768w\" sizes=\"(max-width: 1221px) 100vw, 1221px\" \/><\/figure><div class=\"elementor-image-box-content\"><h3 class=\"elementor-image-box-title\">Podcasts<\/h3><p class=\"elementor-image-box-description\">Episodios sobre temas relevantes y de inter\u00e9s para nuestra comunidad.<\/p><\/div><\/div>\t\t<\/div>\n\t\t\t\t<\/div>\n\t\t\t\t\t<\/div>\n\t\t<\/div>\n\t\t\t\t\t\t\t<\/div>\n\t\t<\/section>\n\t\t\t\t<section class=\"elementor-section elementor-top-section elementor-element elementor-element-a794542 elementor-section-full_width elementor-section-height-default elementor-section-height-default\" data-id=\"a794542\" data-element_type=\"section\" data-settings=\"{&quot;background_background&quot;:&quot;classic&quot;}\">\n\t\t\t\t\t\t\t<div class=\"elementor-background-overlay\"><\/div>\n\t\t\t\t\t\t\t<div class=\"elementor-container elementor-column-gap-default\">\n\t\t\t\t\t<div class=\"elementor-column elementor-col-100 elementor-top-column elementor-element elementor-element-16c45be\" data-id=\"16c45be\" data-element_type=\"column\">\n\t\t\t<div class=\"elementor-widget-wrap elementor-element-populated\">\n\t\t\t\t\t\t\t\t<div class=\"elementor-element elementor-element-8a09327 elementor-widget elementor-widget-image\" data-id=\"8a09327\" data-element_type=\"widget\" data-widget_type=\"image.default\">\n\t\t\t\t<div class=\"elementor-widget-container\">\n\t\t\t<style>\/*! elementor - v3.13.3 - 28-05-2023 *\/\n.elementor-widget-image{text-align:center}.elementor-widget-image a{display:inline-block}.elementor-widget-image a img[src$=\".svg\"]{width:48px}.elementor-widget-image img{vertical-align:middle;display:inline-block}<\/style>\t\t\t\t\t\t\t\t\t\t\t\t<img decoding=\"async\" width=\"300\" height=\"125\" src=\"https:\/\/develop.comitecolombianodearbitraje.org\/wp-content\/uploads\/2023\/06\/Recurso-1@5x-300x125.png\" class=\"attachment-medium size-medium wp-image-17\" alt=\"\" loading=\"lazy\" srcset=\"https:\/\/develop.comitecolombianodearbitraje.org\/wp-content\/uploads\/2023\/06\/Recurso-1@5x-300x125.png 300w, https:\/\/develop.comitecolombianodearbitraje.org\/wp-content\/uploads\/2023\/06\/Recurso-1@5x-768x320.png 768w, https:\/\/develop.comitecolombianodearbitraje.org\/wp-content\/uploads\/2023\/06\/Recurso-1@5x.png 808w\" sizes=\"(max-width: 300px) 100vw, 300px\" \/>\t\t\t\t\t\t\t\t\t\t\t\t\t\t\t<\/div>\n\t\t\t\t<\/div>\n\t\t\t\t<div class=\"elementor-element elementor-element-73c1b7d elementor-widget elementor-widget-heading\" data-id=\"73c1b7d\" data-element_type=\"widget\" data-widget_type=\"heading.default\">\n\t\t\t\t<div class=\"elementor-widget-container\">\n\t\t\t<h2 class=\"elementor-heading-title elementor-size-default\">\u00bfQuiere ser parte del Comit\u00e9 Colombiano de Arbitraje?<\/h2>\t\t<\/div>\n\t\t\t\t<\/div>\n\t\t\t\t<div class=\"elementor-element elementor-element-a54deeb elementor-widget__width-initial elementor-widget elementor-widget-text-editor\" data-id=\"a54deeb\" data-element_type=\"widget\" data-widget_type=\"text-editor.default\">\n\t\t\t\t<div class=\"elementor-widget-container\">\n\t\t\t\t\t\t\t<p><span style=\"font-weight: 400;\">Pueden ser asociados al Comit\u00e9 Colombiano de Arbitraje las personas cuyas actividades est\u00e9n relacionadas con el arbitraje y, en general con los medios de resoluci\u00f3n de controversias.<\/span><\/p><p><span style=\"font-weight: 400;\">Si usted est\u00e1 interesado en ser admitido como asociado del CCA deber\u00e1n presentar la correspondiente solicitud de admisi\u00f3n. Dicha solicitud deber\u00e1 estar acompa\u00f1ada de su hoja de vida actualizada, al correo <\/span><a href=\"mailto:ccacontracto1@gmail.com\"><span style=\"font-weight: 400;\">ccacontacto1@gmail.com<\/span><\/a><span style=\"font-weight: 400;\">\u00a0<\/span><\/p>\t\t\t\t\t\t<\/div>\n\t\t\t\t<\/div>\n\t\t\t\t\t<\/div>\n\t\t<\/div>\n\t\t\t\t\t\t\t<\/div>\n\t\t<\/section>\n\t\t\t\t<section class=\"elementor-section elementor-top-section elementor-element elementor-element-ecad25e elementor-section-boxed elementor-section-height-default elementor-section-height-default\" data-id=\"ecad25e\" data-element_type=\"section\" data-settings=\"{&quot;background_background&quot;:&quot;gradient&quot;}\">\n\t\t\t\t\t\t<div class=\"elementor-container elementor-column-gap-default\">\n\t\t\t\t\t<div class=\"elementor-column elementor-col-50 elementor-top-column elementor-element elementor-element-cd581e6\" data-id=\"cd581e6\" data-element_type=\"column\">\n\t\t\t<div class=\"elementor-widget-wrap elementor-element-populated\">\n\t\t\t\t\t\t\t\t<div class=\"elementor-element elementor-element-3613c62 elementor-widget elementor-widget-heading\" data-id=\"3613c62\" data-element_type=\"widget\" data-widget_type=\"heading.default\">\n\t\t\t\t<div class=\"elementor-widget-container\">\n\t\t\t<h2 class=\"elementor-heading-title elementor-size-default\">\u00bfNecesita contactarnos?<\/h2>\t\t<\/div>\n\t\t\t\t<\/div>\n\t\t\t\t<div class=\"elementor-element elementor-element-858620f elementor-widget__width-initial elementor-widget elementor-widget-text-editor\" data-id=\"858620f\" data-element_type=\"widget\" data-widget_type=\"text-editor.default\">\n\t\t\t\t<div class=\"elementor-widget-container\">\n\t\t\t\t\t\t\t<p>P\u00f3ngase en contacto con nosotros por medio de nuestro correo electr\u00f3nico, y pronto una persona de nuestro equipo atender\u00e1 su solicitud.<\/p>\t\t\t\t\t\t<\/div>\n\t\t\t\t<\/div>\n\t\t\t\t\t<\/div>\n\t\t<\/div>\n\t\t\t\t<div class=\"elementor-column elementor-col-50 elementor-top-column elementor-element elementor-element-27861d2\" data-id=\"27861d2\" data-element_type=\"column\">\n\t\t\t<div class=\"elementor-widget-wrap elementor-element-populated\">\n\t\t\t\t\t\t\t\t<div class=\"elementor-element elementor-element-17a03f6 elementor-hidden-tablet elementor-hidden-mobile elementor-align-center elementor-widget elementor-widget-button\" data-id=\"17a03f6\" data-element_type=\"widget\" data-widget_type=\"button.default\">\n\t\t\t\t<div class=\"elementor-widget-container\">\n\t\t\t\t\t<div class=\"elementor-button-wrapper\">\n\t\t\t<a href=\"#\" class=\"elementor-button-link elementor-button elementor-size-lg\" role=\"button\">\n\t\t\t\t\t\t<span class=\"elementor-button-content-wrapper\">\n\t\t\t\t\t\t\t<span class=\"elementor-button-icon elementor-align-icon-left\">\n\t\t\t\t<i aria-hidden=\"true\" class=\"far fa-envelope\"><\/i>\t\t\t<\/span>\n\t\t\t\t\t\t<span class=\"elementor-button-text\">Cont\u00e1ctenos<\/span>\n\t\t<\/span>\n\t\t\t\t\t<\/a>\n\t\t<\/div>\n\t\t\t\t<\/div>\n\t\t\t\t<\/div>\n\t\t\t\t\t<\/div>\n\t\t<\/div>\n\t\t\t\t\t\t\t<\/div>\n\t\t<\/section>\n\t\t\t\t\t\t\t<\/div>\n\t\t","protected":false},"excerpt":{"rendered":"<p>Contenidos \u00a1Bienvenido a nuestra secci\u00f3n de contenidos! Aqu\u00ed encontrar\u00e1s una amplia gama de recursos relacionados con el arbitraje nacional e internacional en Colombia. En esta secci\u00f3n compartimos el acceso a informaci\u00f3n actualizada y relevante sobre el arbitraje, promoviendo el di\u00e1logo y la difusi\u00f3n del conocimiento en este campo. Seleccione el tipo de contenido que desea [&hellip;]<\/p>\n","protected":false},"author":1,"featured_media":0,"parent":0,"menu_order":0,"comment_status":"closed","ping_status":"closed","template":"elementor_header_footer","meta":[],"_links":{"self":[{"href":"https:\/\/develop.comitecolombianodearbitraje.org\/index.php\/wp-json\/wp\/v2\/pages\/100"}],"collection":[{"href":"https:\/\/develop.comitecolombianodearbitraje.org\/index.php\/wp-json\/wp\/v2\/pages"}],"about":[{"href":"https:\/\/develop.comitecolombianodearbitraje.org\/index.php\/wp-json\/wp\/v2\/types\/page"}],"author":[{"embeddable":true,"href":"https:\/\/develop.comitecolombianodearbitraje.org\/index.php\/wp-json\/wp\/v2\/users\/1"}],"replies":[{"embeddable":true,"href":"https:\/\/develop.comitecolombianodearbitraje.org\/index.php\/wp-json\/wp\/v2\/comments?post=100"}],"version-history":[{"count":13,"href":"https:\/\/develop.comitecolombianodearbitraje.org\/index.php\/wp-json\/wp\/v2\/pages\/100\/revisions"}],"predecessor-version":[{"id":198,"href":"https:\/\/develop.comitecolombianodearbitraje.org\/index.php\/wp-json\/wp\/v2\/pages\/100\/revisions\/198"}],"wp:attachment":[{"href":"https:\/\/develop.comitecolombianodearbitraje.org\/index.php\/wp-json\/wp\/v2\/media?parent=100"}],"curies":[{"name":"wp","href":"https:\/\/api.w.org\/{rel}","templated":true}]}}